{"id":19,"date":"2014-01-07T20:30:12","date_gmt":"2014-01-07T20:30:12","guid":{"rendered":"http:\/\/10.133.10.90\/?page_id=19"},"modified":"2026-01-23T16:57:40","modified_gmt":"2026-01-23T16:57:40","slug":"innkvartering","status":"publish","type":"page","link":"https:\/\/skyting.lerumcup.no\/?page_id=19","title":{"rendered":"Innkvartering"},"content":{"rendered":"<p><strong>Lerum Cup har mange sponsorar og samarbeidsparter som kan tilby\u00a0 innkvartering under stemne.\u00a0 Vi oppmoder skyttarane \u00e5 bruke v\u00e5re sponsorar.<\/strong><\/p>\n<p>&nbsp;<\/p>\n<p><a href=\"http:\/\/www.klingenberghotel.no\/\"><img loading=\"lazy\" decoding=\"async\" class=\"alignnone size-medium wp-image-800\" src=\"https:\/\/skyting.lerumcup.no\/wp-content\/uploads\/2018\/03\/Klingenberg-Hotell-300x77.png\" alt=\"\" width=\"300\" height=\"77\" srcset=\"https:\/\/skyting.lerumcup.no\/wp-content\/uploads\/2018\/03\/Klingenberg-Hotell-300x77.png 300w, https:\/\/skyting.lerumcup.no\/wp-content\/uploads\/2018\/03\/Klingenberg-Hotell-1024x264.png 1024w, https:\/\/skyting.lerumcup.no\/wp-content\/uploads\/2018\/03\/Klingenberg-Hotell-768x198.png 768w, https:\/\/skyting.lerumcup.no\/wp-content\/uploads\/2018\/03\/Klingenberg-Hotell-260x67.png 260w, https:\/\/skyting.lerumcup.no\/wp-content\/uploads\/2018\/03\/Klingenberg-Hotell-50x13.png 50w, https:\/\/skyting.lerumcup.no\/wp-content\/uploads\/2018\/03\/Klingenberg-Hotell-150x39.png 150w, https:\/\/skyting.lerumcup.no\/wp-content\/uploads\/2018\/03\/Klingenberg-Hotell.png 1500w\" sizes=\"auto, (max-width: 300px) 100vw, 300px\" \/><\/a><\/p>\n<p><a href=\"http:\/\/www.klingenberghotel.no\/\" target=\"_blank\" rel=\"noopener noreferrer\"> Klingenberg Hotel (\u00c5rdalstangen)<\/a><\/p>\n<p>&nbsp;<\/p>\n<p><a href=\"https:\/\/www.nordicchoicehotels.no\/hotell\/norge\/sogndal\/quality-hotel-sogndal\/\"><img loading=\"lazy\" decoding=\"async\" class=\"alignnone size-full wp-image-719\" src=\"https:\/\/skyting.lerumcup.no\/wp-content\/uploads\/2017\/05\/QH_Sogndal-ny-1.png\" alt=\"\" width=\"118\" height=\"150\" srcset=\"https:\/\/skyting.lerumcup.no\/wp-content\/uploads\/2017\/05\/QH_Sogndal-ny-1.png 118w, https:\/\/skyting.lerumcup.no\/wp-content\/uploads\/2017\/05\/QH_Sogndal-ny-1-115x146.png 115w, https:\/\/skyting.lerumcup.no\/wp-content\/uploads\/2017\/05\/QH_Sogndal-ny-1-39x50.png 39w, https:\/\/skyting.lerumcup.no\/wp-content\/uploads\/2017\/05\/QH_Sogndal-ny-1-59x75.png 59w\" sizes=\"auto, (max-width: 118px) 100vw, 118px\" \/><\/a><\/p>\n<p><a href=\"https:\/\/www.nordicchoicehotels.no\/quality\/quality-hotel-sogndal\/\" target=\"_blank\" rel=\"noopener noreferrer\">Quality Hotel Sogndal (Sogndal)<\/a><\/p>\n<p><a href=\"http:\/\/www.hofslund-hotel.no\/\" target=\"_blank\" rel=\"noopener noreferrer\"><img loading=\"lazy\" decoding=\"async\" class=\"alignnone size-full wp-image-87\" src=\"https:\/\/skyting.lerumcup.no\/wp-content\/uploads\/2014\/01\/hofslund.gif\" alt=\"hofslund\" width=\"185\" height=\"135\" \/><br \/>\n<\/a><\/p>\n<p><a href=\"http:\/\/www.hofslund-hotel.no\/\" target=\"_blank\" rel=\"noopener noreferrer\">Hofslund Fjord Hotel (Sogndal)<\/a><\/p>\n<p><a href=\"http:\/\/www.eikum.no\/\"><img loading=\"lazy\" decoding=\"async\" class=\"alignnone size-full wp-image-598\" src=\"https:\/\/skyting.lerumcup.no\/wp-content\/uploads\/2014\/01\/Eikum.jpg\" alt=\"\" width=\"134\" height=\"92\" srcset=\"https:\/\/skyting.lerumcup.no\/wp-content\/uploads\/2014\/01\/Eikum.jpg 134w, https:\/\/skyting.lerumcup.no\/wp-content\/uploads\/2014\/01\/Eikum-50x34.jpg 50w, https:\/\/skyting.lerumcup.no\/wp-content\/uploads\/2014\/01\/Eikum-109x75.jpg 109w\" sizes=\"auto, (max-width: 134px) 100vw, 134px\" \/><\/a><br \/>\n<a href=\"http:\/\/www.eikum.no\/\" target=\"_blank\" rel=\"noopener noreferrer\">Eikum Hotell (Hafslo)<\/a><\/p>\n<p><a href=\"http:\/\/www.tang-hyttegrend.no\/\"><img loading=\"lazy\" decoding=\"async\" class=\"alignnone size-medium wp-image-798\" src=\"https:\/\/skyting.lerumcup.no\/wp-content\/uploads\/2018\/03\/TangHyttegrend-300x51.png\" alt=\"\" width=\"300\" height=\"51\" srcset=\"https:\/\/skyting.lerumcup.no\/wp-content\/uploads\/2018\/03\/TangHyttegrend-300x51.png 300w, https:\/\/skyting.lerumcup.no\/wp-content\/uploads\/2018\/03\/TangHyttegrend-260x44.png 260w, https:\/\/skyting.lerumcup.no\/wp-content\/uploads\/2018\/03\/TangHyttegrend-50x9.png 50w, https:\/\/skyting.lerumcup.no\/wp-content\/uploads\/2018\/03\/TangHyttegrend-150x26.png 150w, https:\/\/skyting.lerumcup.no\/wp-content\/uploads\/2018\/03\/TangHyttegrend.png 415w\" sizes=\"auto, (max-width: 300px) 100vw, 300px\" \/><\/a><\/p>\n<p><a href=\"http:\/\/www.tang-hyttegrend.no\/\" target=\"_blank\" rel=\"noopener noreferrer\">Tang Hyttegrend (Hafslo)<\/a><\/p>\n","protected":false},"excerpt":{"rendered":"<p>Lerum Cup har mange sponsorar og samarbeidsparter som kan tilby\u00a0 innkvartering under stemne.\u00a0 Vi oppmoder skyttarane \u00e5 bruke v\u00e5re sponsorar. &nbsp; Klingenberg Hotel (\u00c5rdalstangen) &nbsp; Quality<span class=\"excerpt-hellip\"> [\u2026]<\/span><\/p>\n","protected":false},"author":2,"featured_media":0,"parent":1674,"menu_order":0,"comment_status":"closed","ping_status":"closed","template":"","meta":{"footnotes":""},"class_list":["post-19","page","type-page","status-publish","hentry"],"_links":{"self":[{"href":"https:\/\/skyting.lerumcup.no\/index.php?rest_route=\/wp\/v2\/pages\/19","targetHints":{"allow":["GET"]}}],"collection":[{"href":"https:\/\/skyting.lerumcup.no\/index.php?rest_route=\/wp\/v2\/pages"}],"about":[{"href":"https:\/\/skyting.lerumcup.no\/index.php?rest_route=\/wp\/v2\/types\/page"}],"author":[{"embeddable":true,"href":"https:\/\/skyting.lerumcup.no\/index.php?rest_route=\/wp\/v2\/users\/2"}],"replies":[{"embeddable":true,"href":"https:\/\/skyting.lerumcup.no\/index.php?rest_route=%2Fwp%2Fv2%2Fcomments&post=19"}],"version-history":[{"count":2,"href":"https:\/\/skyting.lerumcup.no\/index.php?rest_route=\/wp\/v2\/pages\/19\/revisions"}],"predecessor-version":[{"id":2333,"href":"https:\/\/skyting.lerumcup.no\/index.php?rest_route=\/wp\/v2\/pages\/19\/revisions\/2333"}],"up":[{"embeddable":true,"href":"https:\/\/skyting.lerumcup.no\/index.php?rest_route=\/wp\/v2\/pages\/1674"}],"wp:attachment":[{"href":"https:\/\/skyting.lerumcup.no\/index.php?rest_route=%2Fwp%2Fv2%2Fmedia&parent=19"}],"curies":[{"name":"wp","href":"https:\/\/api.w.org\/{rel}","templated":true}]}}